ime factors of 8706.
2, 3, 1451
What are the prime factors of 8401?
31, 271
List the prime factors of 1886.
2, 23, 41
List the prime factors of 33308.
2, 11, 757
List the prime factors of 300.
2, 3, 5
List the prime factors of 153591.
3, 51197
What are the prime factors of 2995?
5, 599
List the prime factors of 14844.
2, 3, 1237
What are the prime factors of 552?
2, 3, 23
What are the prime factors of 9360?
2, 3, 5, 13
List the prime factors of 740.
2, 5, 37
What are the prime factors of 18196?
2, 4549
What are the prime factors of 898?
2, 449
What are the prime factors of 2047?
23, 89
List the prime factors of 249.
3, 83
What are the prime factors of 61108?
2, 15277
What are the prime factors of 48515?
5, 31, 313
What are the prime factors of 1348?
2, 337
What are the prime factors of 41722?
2, 23, 907
List the prime factors of 2700.
2, 3, 5
List the prime factors of 19641.
3, 6547
What are the prime factors of 21633?
3, 7211
List the prime factors of 155200.
2, 5, 97
List the prime factors of 22290.
2, 3, 5, 743
List the prime factors of 10687.
10687
What are the prime factors of 2036?
2, 509
List the prime factors of 74441.
74441
What are the prime factors of 599?
599
List the prime factors of 13247.
13, 1019
List the prime factors of 101310.
2, 3, 5, 11, 307
List the prime factors of 8053.
8053
List the prime factors of 9145.
5, 31, 59
List the prime factors of 15171.
3, 13, 389
List the prime factors of 7789.
7789
List the prime factors of 16003.
13, 1231
What are the prime factors of 30823?
13, 2371
List the prime factors of 20984.
2, 43, 61
List the prime factors of 26973.
3, 37
What are the prime factors of 4368?
2, 3, 7, 13
What are the prime factors of 25737?
3, 23, 373
List the prime factors of 904.
2, 113
What are the prime factors of 1078?
2, 7, 11
What are the prime factors of 9859?
9859
List the prime factors of 8906.
2, 61, 73
What are the prime factors of 1496?
2, 11, 17
What are the prime factors of 12634?
2, 6317
List the prime factors of 4533.
3, 1511
What are the prime factors of 33072?
2, 3, 13, 53
List the prime factors of 2412.
2, 3, 67
List the prime factors of 21140.
2, 5, 7, 151
List the prime factors of 13748.
2, 7, 491
List the prime factors of 12525.
3, 5, 167
What are the prime factors of 1062?
2, 3, 59
What are the prime factors of 15278?
2, 7639
What are the prime factors of 380?
2, 5, 19
List the prime factors of 1197.
3, 7, 19
What are the prime factors of 2620?
2, 5, 131
What are the prime factors of 5501?
5501
List the prime factors of 126867.
3, 13, 3253
What are the prime factors of 25196?
2, 6299
What are the prime factors of 23456?
2, 733
What are the prime factors of 1079?
13, 83
List the prime factors of 415.
5, 83
What are the prime factors of 68331?
3, 22777
List the prime factors of 27923.
7, 3989
What are the prime factors of 43714?
2, 11, 1987
What are the prime factors of 76382?
2, 181, 211
What are the prime factors of 78744?
2, 3, 17, 193
What are the prime factors of 43579?
43579
List the prime factors of 10973.
10973
What are the prime factors of 2725?
5, 109
What are the prime factors of 153?
3, 17
What are the prime factors of 20829?
3, 53, 131
What are the prime factors of 2361?
3, 787
What are the prime factors of 19000?
2, 5, 19
What are the prime factors of 7642?
2, 3821
What are the prime factors of 2629?
11, 239
What are the prime factors of 18703?
59, 317
List the prime factors of 792.
2, 3, 11
List the prime factors of 2146.
2, 29, 37
List the prime factors of 13708.
2, 23, 149
What are the prime factors of 2291?
29, 79
List the prime factors of 20244.
2, 3, 7, 241
What are the prime factors of 5840?
2, 5, 73
List the prime factors of 59003.
7, 8429
What are the prime factors of 2239?
2239
What are the prime factors of 1856?
2, 29
What are the prime factors of 2907?
3, 17, 19
List the prime factors of 2771.
17, 163
List the prime factors of 865.
5, 173
List the prime factors of 638.
2, 11, 29
What are the prime factors of 7240?
2, 5, 181
What are the prime factors of 8903?
29, 307
List the prime factors of 46052.
2, 29, 397
List the prime factors of 794.
2, 397
What are the prime factors of 14172?
2, 3, 1181
List the prime factors of 773.
773
What are the prime factors of 1227?
3, 409
List the prime factors of 6242.
2, 3121
What are the prime factors of 2659?
2659
List the prime factors of 2527.
7, 19
List the prime factors of 180.
2, 3, 5
What are the prime factors of 28764?
2, 3, 17, 47
List the prime factors of 45577.
7, 17, 383
What are the prime factors of 2583?
3, 7, 41
What are the prime factors of 1537?
29, 53
List the prime factors of 7472.
2, 467
What are the prime factors of 144672?
2, 3, 11, 137
What are the prime factors of 16610?
2, 5, 11, 151
What are the prime factors of 3160?
2, 5, 79
List the prime factors of 35.
5, 7
List the prime factors of 14048.
2, 439
List the prime factors of 44654.
2, 83, 269
List the prime factors of 1489.
1489
What are the prime factors of 137372?
2, 61, 563
List the prime factors of 77594.
2, 11, 3527
List the prime factors of 1165.
5, 233
What are the prime factors of 118?
2, 59
What are the prime factors of 3231?
3, 359
List the prime factors of 15941.
19, 839
What are the prime factors of 24197?
24197
What are the prime factors of 73725?
3, 5, 983
What are the prime factors of 4119?
3, 1373
What are the prime factors of 206?
2, 103
List the prime factors of 71125.
5, 569
What are the prime factors of 423?
3, 47
List the prime factors of 1353.
3, 11, 41
List the prime factors of 673.
673
List the prime factors of 7160.
2, 5, 179
What are the prime factors of 1441?
11, 131
What are the prime factors of 24802?
2, 12401
List the prime factors of 48134.
2, 41, 587
What are the prime factors of 8458?
2, 4229
List the prime factors of 28866.
2, 3, 17, 283
List the prime factors of 8687.
7, 17, 73
List the prime factors of 46483.
23, 43, 47
What are the prime factors of 800?
2, 5
List the prime factors of 11001.
3, 19, 193
List the prime factors of 725.
5, 29
What are the prime factors of 629?
17, 37
What are the prime factors of 33493?
33493
What are the prime factors of 4272?
2, 3, 89
What are the prime factors of 190?
2, 5, 19
What are the prime factors of 10245?
3, 5, 683
List the prime factors of 67532.
2, 16883
List the prime factors of 18313.
18313
List the prime factors of 14660.
2, 5, 733
List the prime factors of 3893.
17, 229
What are the prime factors of 915?
3, 5, 61
List the prime factors of 2287.
2287
List the prime factors of 1553.
1553
What are the prime factors of 38366?
2, 19183
What are the prime factors of 3659?
3659
What are the prime factors of 973?
7, 139
List the prime factors of 53654.
2, 139, 193
List the prime factors of 9476.
2, 23, 103
What are the prime factors of 19389?
3, 23, 281
List the prime factors of 2005.
5, 401
List the prime factors of 3410.
2, 5, 11, 31
What are the prime factors of 95290?
2, 5, 13, 733
List the prime factors of 1925.
5, 7, 11
What are the prime factors of 15023?
83, 181
What are the prime factors of 27667?
73, 379
What are the prime factors of 3302?
2, 13, 127
What are the prime factors of 39451?
39451
List the prime factors of 90112.
2, 11
List the prime factors of 29773.
19, 1567
What are the prime factors of 64662?
2, 3, 13, 829
List the prime factors of 13172.
2, 37, 89
List the prime factors of 4935.
3, 5, 7, 47
List the prime factors of 17172.
2, 3, 53
List the prime factors of 921.
3, 307
List the prime factors of 4718.
2, 7, 337
What are the prime factors of 94722?
2, 3, 15787
What are the prime factors of 507?
3, 13
What are the prime factors of 25015?
5, 5003
List the prime factors of 20142.
2, 3, 373
List the prime factors of 860.
2, 5, 43
List the prime factors of 56207.
56207
What are the prime factors of 4513?
4513
List the prime factors of 14840.
2, 5, 7, 53
What are the prime factors of 452?
2, 113
What are the prime factors of 1578?
2, 3, 263
List the prime factors of 2462.
2, 1231
What are the prime factors of 187?
11, 17
List the prime factors of 491.
491
List the prime factors of 8249.
73, 113
What are the prime factors of 4377?
3, 1459
What are the prime factors of 3029?
13, 233
What are the prime factors of 143?
11, 13
What are the prime factors of 17340?
